(-23 + 27)) - 75?
-61
What is the value of -8 - ((16 - 21) + (-9 - -2) + -6 + -25)?
35
Calculate (0 - (-1 - (3 - 2))) + 94 - (4527 + -4517).
86
What is the value of 76 - (172 - 138 - (37 - 4))?
75
-89 + -14 + (-5 - -26) - -26
-56
Evaluate (-48 - 3) + -38 + 26 + 31.
-32
What is -146 + 71 + -57 - (-1 - 15 - (19 + -23))?
-120
Calculate -75 + -121 + 208 + -122.
-110
Evaluate -40 + -19 + 11 + 51 + -26.
-23
(-1218 - -1153) + 104 + 1
40
(-3 - -2) + 22 + (-15 - (-29 + 14))
21
(-8 - 1 - (3 + 0 - 18)) + 11 + -94
-77
What is 14 + (-53 - (-7 + 23))?
-55
What is -4 + 4 + (6 - (-15 - -33)) + -16?
-28
Calculate (-8 - (144 - 145 - (1 + 83))) + 11 + -1.
87
What is (-10 - (-4 + -20)) + (-17 - -7)?
4
What is the value of (-1 - 53) + 134 + -156 + (1 - 2)?
-77
Calculate 122 + (45 - 78) - 38.
51
What is the value of 478 - 453 - ((-1 - 0 - 3) + 10)?
19
Calculate 17 - (121 - 81) - (3 - -1).
-27
-85 + 34 + 24 - -38
11
Evaluate 61 - (22 - (-26 + 56 - (17 - 5))).
57
What is the value of 16 + (3 - (-24 + 34 - 21 - 3))?
33
What is the value of (-2 - (11 - (6 - -24))) + (-11 - -17 - 9)?
14
Calculate -14 + (-2 - 17) + 1 + 45 + (-58 - -19).
-26
Evaluate -2 + -3 - (-2 + (12 - -2) + 3 + -27).
7
What is the value of 15 - ((-15 - (32 - 4)) + 18)?
40
What is -51 - (77 + 11 + -180)?
41
-18321 + 18313 - (1 + (-1 - -41))
-49
What is the value of 1 + (-1 - (17 - (-4 - (4 + -4))))?
-21
What is -7 + -2 + -3 + -9 - -11 - (-3 + 48)?
-55
-7 - (23 + -55 + 15 - -153)
-143
Evaluate -128 - -8 - (-34 - (-3 + -7)).
-96
What is the value of -12 - -3 - (23 + (-3 - (11 + 84)))?
66
Calculate 34 - ((108 - 42) + -22) - ((-2 - -5) + -1).
-12
What is 63865 - 63875 - (-64 + (-1 - -1))?
54
What is (-70 - -73) + 20 + 26?
49
What is (-17 - -18) + 15 + (3 - 8) - (11 + 9)?
-9
What is -123 + 224 + 4 + -175?
-70
Evaluate (18 - 8) + 36 + -20 + 6 + -1.
31
What is 2243 + -2231 + (-3 - 0 - -6 - -12)?
27
What is 0 - 46 - (9068 - 9203)?
89
What is the value of 0 + -23 - (163 + -137 + -13)?
-36
Calculate -10 - (-4 + -45 + 1) - ((-3 - -9) + -4).
36
Evaluate -10 + 1 + -3 - (25 + (-177 - -51)).
89
What is (1 - -15) + -34 + (6 - -4) + -8?
-16
40 + -100 + (-91 - -182)
31
Calculate 14 + (-23 - -34 - 16) + 12.
21
Evaluate 29 + (45 - 61) + -14 + (1 - 80).
-80
Evaluate (4 - 0) + (-81 - -64) + (-26 - (7 - 0)).
-46
What is (2 + 114 - (97 + -76)) + -1 + 10?
104
What is the value of -143 + 171 + -16 + (-7 - -4)?
9
Evaluate -49 + (61 - 8 - 37).
-33
What is the value of (-18 - -37) + -125 + 72?
-34
What is -98 - (-19 - (68 + -48))?
-59
Calculate -3 - (-2 - 0) - (-19 - (-7 + 0 - -4)).
15
Evaluate -35 - (24 + 2 + (32 - 68)).
-25
Calculate 2 + -15 + (37 + -18 - 11) + (0 - -62).
57
-82 - (-91 + -11 + 50)
-30
Calculate (9 + 2 - 6 - -55) + -6 - -2.
56
Evaluate (14 - 2 - (-2 + 5)) + -15 - 12.
-18
121 - 12 - -14 - (10 + 9)
104
-34 + 144 + -12 + 32 + -51
79
What is the value of -18 + 11 + 0 - (0 + (18 - -6))?
-31
Calculate (-103 + 30 - -145) + -34.
38
Evaluate 2 + 0 - (29 - (7 + 8) - -15).
-27
What is -93 + -18 + (59 - (1 - -26))?
-79
Evaluate -19 + (-41 - -25) + (0 - 3) + -4.
-42
-37 + -12 + 0 + (7 - (23 + -19 - 3))
-43
What is the value of -23 + -17 - (37 + 7 + -214)?
130
-7 + -49 + (18 - (-4 - -4))
-38
Calculate -768 + 751 - (38 + -2).
-53
Evaluate -12 + 15 + 92 + 6 + -22.
79
What is the value of 43 - (111 + (-303 - -120))?
115
What is the value of 15 - (-15 - (-11 - -2) - (8 + -6))?
23
Evaluate (-1324 - -1318) + ((5 - 3) + 38 - 0).
34
What is (-87 - -49) + 43 - 37?
-32
Evaluate (4 - 42) + 26 + -40 + -1 + 13 + -5.
-45
What is (-3 + -20 - (-26 - -13)) + (-9 - (-79 + -6))?
66
Evaluate -33 - -1 - (-991 - -1009).
-50
What is -19 + 12 - (8 - 5 - 30 - 2)?
22
Calculate -3 + (0 + 9 - 4) - (-72 + 67) - 31.
-24
Calculate (-11052 - -11127) + (5 - 3) + -3 + 1.
75
13 - (10 + (-14 - (-11 + 6) - 64) + 14)
62
What is the value of -10 - (-91 - (-219 + 86))?
-52
Calculate -2 - -11 - (-56 + (-30 - -16) + -1).
80
(113 - 81 - 78) + -9
-55
Calculate 41 + (-10 - (7 + -8)) + (2 - -7) + -3.
38
What is the value of -26 - (16 - (-120 - -106) - (0 - -16))?
-40
Calculate (3 + 5 + 10 - 10) + (-13 - (-10 + 3)).
2
Calculate (-7 + (7 - (-43 - 8)) - (3 + -4)) + 1.
53
-27 + 7 + (-13 + -5 - (-13 + 0))
-25
Evaluate -89 - (3 + -7 - 30).
-55
What is (19 - 10 - (5 + -3 + 1)) + -43?
-37
What is the value of -33 + (44 + -57 - (2 - -6) - -11)?
-43
Calculate 32 + ((-2 - -2) + 18 - 13) - 0.
37
Evaluate -46 + (6 - ((10 - -8 - 13) + -2)).
-43
-11 + -1 + (22 - (-34 - -9)) - -11
46
What is the value of 32 + -11 + -134 + 152?
39
Calculate 102 + (-6 - 13) - 140.
-57
What is -7 - (-48 + 101) - -28?
-32
What is the value of (1 - 29) + (-1129 - -1204)?
47
Calculate -47 + -34 + 77 + 39.
35
What is the value of 0 + 31 + (-112 + 44 - -83)?
46
Calculate -4 - (-49 - 14 - -23).
36
What is -47 + 91 + -39 - ((0 - -1) + 53)?
-49
(-20 - 2) + (-811 - -778) + 2
-53
(227 - 248) + -18 + 3
-36
Calculate 50 - (-9 + (-11 - 8 - (5 + -26))).
57
What is the value of -235 - -224 - (1 + 31 - (2 + 0))?
-41
What is the value of 105 + (-5537 - -5516) + -2 + 1 + 12?
95
Evaluate -39 + 18 - (-164 + 114).
29
What is the value of 10 - -4 - (22 + (6 - (-7 - -15)))?
-6
Evaluate (-7 + -1 - (39 - 34)) + (-24 - (-38 + 17)).
-16
14 + -1 + (14 - -12) + -49 - 12
-22
Calculate (-1410 - -1422) + (1 - -73) - (-2 + 1 + -4).
91
What is the value of ((-29 - -1) + -16 - (-6 + -1)) + 0 + -7?
-44
What is (-100 + 77 - (-25 + 4)) + 86?
84
Evaluate 72 + 0 + -1 + 1 + (180 - 188).
64
Calculate (-207 - -131 - 58) + 126.
-8
Calculate 35 - 121 - -42 - (-10 + -3 + 2).
-33
What is 10 + 2 + 2 + -3 + -9 + 8?
10
Evaluate -13 + 4 + 26 + -10 + (-4 - -1).
4
Evaluate (-14 - -16) + (22 + (0 - 20) - (-91 - 4)).
99
61 + -113 + -18 + 96
26
3 + 11 + -8 + -6 + -17
-17
Calculate -606 - -550 - (4 + (2 - (22 - 4)) + 2).
-46
Calculate (41 - 59) + -29 + 128 - (0 - 1).
82
-37 - (-13 + 11 + -1 + -5 + -5)
-24
Evaluate (1 + -5 - 10 - (-146 - -143)) + -58.
-69
(36 + -9 - 28) + -1 + -3 + 4 + 20
19
Calculate 11 + -13 + (-45 - -4 - (-26 - -30)).
-47
Evaluate -1 + 0 + -102 - (2176 + -2190) - 17.
-106
What is (13 - -50) + 6 + -20 + (8 - -15)?
72
Evaluate -6 - -6 - ((-142 - -153) + (0 - (-2 - -20))).
7
What is (-1 + 30 - 21) + -21?
-13
Evaluate 132 - (72 + 1 + 8).
51
What is 36 + -13 + 12 + 21 + -12?
44
Evaluate -55 + (-15 - 4) + -8 + 55 - (1 + -14).
-14
What is -9 - 10 - (130 - 100) - -1?
-48
Evaluate 1 - (7 - -6) - (2 + -16 - -12).
-10
What is 11 - (96 - 73) - (52 + -3 + 5)?
-66
What is (73 - (-54 + 35 + -1 + 4)) + 0?
89
Evaluate (-4 - 6) + 7 + -2 + -13 + (8 - 28).
-38
Calculate 908 - 1007 - (-5 - 55).
-39
Evaluate -21 + (-6 + 28 + -6 - 0) - (94 - 2).
-97
Calculate (-17 - -34) + 7 + -1 + -12 + -60.
-49
What is the value of (-8 + 12 + -6 + 5 - (94 - 77)) + 133?
119
What is -93 + (3 + -14 - -52)?
-52
Evaluate -1 - -7 - (-115 + 148 - (2 + 5 - 2)).
-22
Evaluate 4 - (1 + 0) - ((42 - (85 - -19)) + 36).
29
Evaluate (66 - 1) + (5 - (-24 + 20 + -5 - -22)).
57
Evaluate 6 + (-10 - -10 - 7) - 43 - (-61 + 54).
-37
Calculate (43 - 43) + 36 + -1.
35
-113 + -15 + 17 + 8 + (-42 - -40)
-105
Evaluate -68 + 59 + -26 - (-12 - -73).
-96
What is 5 - (-47 + 35) - -43?
60
Calculate (-49 - -41) + 56 - 32.
16
0 - -1 - -4 - (-1 + 67 - (2043 - 2009))
-27
Evaluate -247 + -60 + 153 - -76.
-78
What is the value of (-22 - (-74 + 65)) + 58?
45
Evaluate (-2 - 5) + 4 - (151 + -142).
-12
What is 7 + 48 + -34 - 47?
-26
Evaluate 223 + (-11 - (-7 - -131)).
88
Evaluate (-3 - (0 - 14) - -2 - -6) + (13 - 21).
11
Calculate -480 - -500 - (-11 - -3 - 2).
30
31 - (10 + -26 - -36) - 61
-50
Calculate 291 + -228 - (-3 + 85).
-19
Calculate -7021 + 7045 - (-1 - 8).
33
What is the value of 13 + (113 - 139 - -110) + (1 - 20)?
78
Calculate -14 + (-8 - (42 + -26) - (10 - 1)).
-47
Calculate 64 + (-19 - -28) + 7 + -27.
53
Calculate (-33 + -21 - -157) + -219.
-116
What is -44 + (-82 - -112 - 19)?
-33
What is the value of (6 - 31) + 21 + 11?
7
What is the value of 3 + (55 - 95) + 22 + -1?
-16
Evaluate (-28 - -73) + (7 + 7 - 10).
49
What is -23 + (16 - 29) - -32 - (-1 - 15)?
12
(-5 - -7) + -12 + 11 - (-6 - (6 + -47))
-34
What is the value of 8 + (131 - (4 + -15 + 12)) + -7 + -12?
119
What is -6 - -55 - 24 - -9?
34
What is 85 + 0 - (-136 - (-79 + -67))?
75
Calculate 0 - 3 - (54 - (33 + (-19 - 5))).
-48
What is 46 + -1 + -2 + 23 